{"id":4021,"date":"2024-06-12T10:59:42","date_gmt":"2024-06-12T15:59:42","guid":{"rendered":"https:\/\/texsalvenezuela.com\/tienda\/?post_type=product&#038;p=4021"},"modified":"2025-07-16T12:10:56","modified_gmt":"2025-07-16T16:10:56","slug":"specialist-wd-40-inhibidor-de-corrosion-6-5oz","status":"publish","type":"product","link":"https:\/\/texsalvenezuela.com\/tienda\/producto\/specialist-wd-40-inhibidor-de-corrosion-6-5oz\/","title":{"rendered":"Specialist WD-40 Inhibidor de Corrosi\u00f3n 6.5oz"},"content":{"rendered":"<p>El inhibidor de corrosi\u00f3n WD-40 Specialist\u00ae es un aerosol antioxidante ideal para el mantenimiento preventivo y el uso en entornos extremos, como alta humedad. Brinda protecci\u00f3n que no reseca y permanece donde lo roc\u00ede. Tiene una f\u00f3rmula de larga duraci\u00f3n para proteger las piezas met\u00e1licas bloqueando el \u00f3xido y la corrosi\u00f3n hasta por 1 a\u00f1o en exteriores o 2 a\u00f1os en interiores. Imprescindible para la protecci\u00f3n contra la corrosi\u00f3n.<\/p>\n<p>&nbsp;<\/p>\n<h3 class=\"flex items-center p-8 uppercase bg-wd-40-blue font-bold md:text-xl\">USOS<\/h3>\n<div class=\"flex p-8 ltr:pr-2 rtl:pl-2\">\n<ul class=\"w-full list-disc space-y-4\">\n<li>Superficies mecanizadas<\/li>\n<li>Equipos y piezas met\u00e1licas sometidas a largos periodos de almacenamiento<\/li>\n<li>Herramientas<\/li>\n<li>Cadenas<\/li>\n<li>Cables<\/li>\n<\/ul>\n<\/div>\n","protected":false},"excerpt":{"rendered":"<h3 class=\"flex items-center p-8 uppercase bg-wd-40-blue font-bold md:text-xl\">CARACTER\u00cdSTICAS<\/h3>\n<div class=\"flex p-8 ltr:pr-2 rtl:pl-2\">\n<ul class=\"w-full list-disc space-y-4\">\n<li>Protege contra el \u00f3xido y la corrosi\u00f3n 40 veces m\u00e1s que la competencia*<\/li>\n<li>Protege los metales durante un a\u00f1o.<\/li>\n<li>Prolonga la vida \u00fatil de herramientas y equipos.<\/li>\n<li>Ideal en equipos en almacenamiento.<\/li>\n<\/ul>\n<\/div>\n","protected":false},"featured_media":2998,"comment_status":"open","ping_status":"closed","template":"","meta":[],"product_cat":[21],"product_tag":[53],"_links":{"self":[{"href":"https:\/\/texsalvenezuela.com\/tienda\/wp-json\/wp\/v2\/product\/4021"}],"collection":[{"href":"https:\/\/texsalvenezuela.com\/tienda\/wp-json\/wp\/v2\/product"}],"about":[{"href":"https:\/\/texsalvenezuela.com\/tienda\/wp-json\/wp\/v2\/types\/product"}],"replies":[{"embeddable":true,"href":"https:\/\/texsalvenezuela.com\/tienda\/wp-json\/wp\/v2\/comments?post=4021"}],"wp:featuredmedia":[{"embeddable":true,"href":"https:\/\/texsalvenezuela.com\/tienda\/wp-json\/wp\/v2\/media\/2998"}],"wp:attachment":[{"href":"https:\/\/texsalvenezuela.com\/tienda\/wp-json\/wp\/v2\/media?parent=4021"}],"wp:term":[{"taxonomy":"product_cat","embeddable":true,"href":"https:\/\/texsalvenezuela.com\/tienda\/wp-json\/wp\/v2\/product_cat?post=4021"},{"taxonomy":"product_tag","embeddable":true,"href":"https:\/\/texsalvenezuela.com\/tienda\/wp-json\/wp\/v2\/product_tag?post=4021"}],"curies":[{"name":"wp","href":"https:\/\/api.w.org\/{rel}","templated":true}]}}