{"id":4275,"date":"2024-06-12T11:00:49","date_gmt":"2024-06-12T16:00:49","guid":{"rendered":"https:\/\/texsalvenezuela.com\/tienda\/?post_type=product&#038;p=4275"},"modified":"2025-09-11T14:39:10","modified_gmt":"2025-09-11T18:39:10","slug":"ambientador-slim-gel-90","status":"publish","type":"product","link":"https:\/\/texsalvenezuela.com\/tienda\/producto\/ambientador-slim-gel-90\/","title":{"rendered":"Ambientador Slim Gel 90"},"content":{"rendered":"<p>Este ambientador \u00fanico viene cuidadosamente empaquetado en peque\u00f1os estuches. El ambientador Paradise llenar\u00e1 cualquier estancia de un aroma fresco y agradable. La fragancia est\u00e1 dise\u00f1ada para lograr el m\u00e1ximo efecto durante 60 d\u00edas, pero incluso despu\u00e9s de los primeros 60 d\u00edas la fragancia seguir\u00e1 fluyendo con un incre\u00edble olor ex\u00f3tico.<\/p>\n","protected":false},"excerpt":{"rendered":"<p>Este ambientador \u00fanico viene cuidadosamente empaquetado en peque\u00f1os estuches. El ambientador Paradise llenar\u00e1 cualquier estancia de un aroma fresco y agradable. La fragancia est\u00e1 dise\u00f1ada para lograr el m\u00e1ximo efecto durante 60 d\u00edas, pero incluso despu\u00e9s de los primeros 60 d\u00edas la fragancia seguir\u00e1 fluyendo con un incre\u00edble olor ex\u00f3tico.<\/p>\n","protected":false},"featured_media":3755,"comment_status":"open","ping_status":"closed","template":"","meta":[],"product_cat":[19],"product_tag":[124],"_links":{"self":[{"href":"https:\/\/texsalvenezuela.com\/tienda\/wp-json\/wp\/v2\/product\/4275"}],"collection":[{"href":"https:\/\/texsalvenezuela.com\/tienda\/wp-json\/wp\/v2\/product"}],"about":[{"href":"https:\/\/texsalvenezuela.com\/tienda\/wp-json\/wp\/v2\/types\/product"}],"replies":[{"embeddable":true,"href":"https:\/\/texsalvenezuela.com\/tienda\/wp-json\/wp\/v2\/comments?post=4275"}],"wp:featuredmedia":[{"embeddable":true,"href":"https:\/\/texsalvenezuela.com\/tienda\/wp-json\/wp\/v2\/media\/3755"}],"wp:attachment":[{"href":"https:\/\/texsalvenezuela.com\/tienda\/wp-json\/wp\/v2\/media?parent=4275"}],"wp:term":[{"taxonomy":"product_cat","embeddable":true,"href":"https:\/\/texsalvenezuela.com\/tienda\/wp-json\/wp\/v2\/product_cat?post=4275"},{"taxonomy":"product_tag","embeddable":true,"href":"https:\/\/texsalvenezuela.com\/tienda\/wp-json\/wp\/v2\/product_tag?post=4275"}],"curies":[{"name":"wp","href":"https:\/\/api.w.org\/{rel}","templated":true}]}}