{"id":4838,"date":"2024-07-10T13:47:47","date_gmt":"2024-07-10T18:47:47","guid":{"rendered":"https:\/\/texsalvenezuela.com\/tienda\/?post_type=product&#038;p=4838"},"modified":"2025-07-18T10:34:43","modified_gmt":"2025-07-18T14:34:43","slug":"caja-multiproposito-limpiador-en-spray-armor-all-16oz","status":"publish","type":"product","link":"https:\/\/texsalvenezuela.com\/tienda\/producto\/caja-multiproposito-limpiador-en-spray-armor-all-16oz\/","title":{"rendered":"Caja Multiprop\u00f3sito Limpiador en Spray Armor All 16oz"},"content":{"rendered":"<h3 style=\"text-align: center;\">6 UNIDADES X CAJA<\/h3>\n<h3 style=\"text-align: center;\">DESCRIPCI\u00d3N DE PRODUCTO<\/h3>\n<p>Es importante obtener las herramientas adecuadas para el trabajo, especialmente para su auto. Armor All<sup>\u00ae\u00a0<\/sup>Multi-Purpose Cleaner lo ayudar\u00e1 a abordar muchas de las necesidades de su veh\u00edculo.<\/p>\n<p>Nuestra f\u00f3rmula meticulosamente equilibrada hace que sea f\u00e1cil darle a su autom\u00f3vil ese aspecto de \u201creci\u00e9n salido del lavado\u201d. La suciedad y los residuos se eliminan sin da\u00f1ar las superficies del auto con este limpiador multiusos para el auto. Como l\u00edder en el cuidado del autom\u00f3vil de calidad, nuestros productos est\u00e1n formulados para cumplir con los m\u00e1s altos est\u00e1ndares de lavaderos y propietarios de autom\u00f3viles de exhibici\u00f3n, con resultados en los que puede confiar.<\/p>\n<ul>\n<li>Soluci\u00f3n de limpieza todo en uno para que el auto se vea como \u201creci\u00e9n salido del lavado\u201d<\/li>\n<li>Eficaz para todo el autom\u00f3vil: tablero, vinilo, tela, alfombra, pl\u00e1stico transparente, consola y m\u00e1s<\/li>\n<li>Elimina f\u00e1cilmente la tierra, el polvo y la suciedad dif\u00edciles<\/li>\n<li>Disponible en envases de 118 ml (4 fl oz), 473 ml (16 fl oz) y esponja<\/li>\n<li>No es necesario comprar productos de limpieza adicionales<\/li>\n<\/ul>\n","protected":false},"excerpt":{"rendered":"<p><strong>Un limpiador multiusos para el auto en el que puede confiar.<\/strong><\/p>\n<h3><em>Para compras mayores a 300$ en productos por caja<\/em><\/h3>\n","protected":false},"featured_media":6819,"comment_status":"open","ping_status":"closed","template":"","meta":[],"product_cat":[27],"product_tag":[143],"_links":{"self":[{"href":"https:\/\/texsalvenezuela.com\/tienda\/wp-json\/wp\/v2\/product\/4838"}],"collection":[{"href":"https:\/\/texsalvenezuela.com\/tienda\/wp-json\/wp\/v2\/product"}],"about":[{"href":"https:\/\/texsalvenezuela.com\/tienda\/wp-json\/wp\/v2\/types\/product"}],"replies":[{"embeddable":true,"href":"https:\/\/texsalvenezuela.com\/tienda\/wp-json\/wp\/v2\/comments?post=4838"}],"wp:featuredmedia":[{"embeddable":true,"href":"https:\/\/texsalvenezuela.com\/tienda\/wp-json\/wp\/v2\/media\/6819"}],"wp:attachment":[{"href":"https:\/\/texsalvenezuela.com\/tienda\/wp-json\/wp\/v2\/media?parent=4838"}],"wp:term":[{"taxonomy":"product_cat","embeddable":true,"href":"https:\/\/texsalvenezuela.com\/tienda\/wp-json\/wp\/v2\/product_cat?post=4838"},{"taxonomy":"product_tag","embeddable":true,"href":"https:\/\/texsalvenezuela.com\/tienda\/wp-json\/wp\/v2\/product_tag?post=4838"}],"curies":[{"name":"wp","href":"https:\/\/api.w.org\/{rel}","templated":true}]}}