{"id":4856,"date":"2024-07-11T08:24:17","date_gmt":"2024-07-11T13:24:17","guid":{"rendered":"https:\/\/texsalvenezuela.com\/tienda\/?post_type=product&#038;p=4856"},"modified":"2025-04-11T15:27:40","modified_gmt":"2025-04-11T19:27:40","slug":"limpieza-de-neumaticos-en-espuma-armor-all-4oz","status":"publish","type":"product","link":"https:\/\/texsalvenezuela.com\/tienda\/producto\/limpieza-de-neumaticos-en-espuma-armor-all-4oz\/","title":{"rendered":"Caja 12 Unds Armor All Limpieza de Neum\u00e1ticos en Espuma 4oz"},"content":{"rendered":"<div class=\"wysiwyg-content\">\n<h3 style=\"text-align: center;\">12 UNIDADES X CAJA<\/h3>\n<h3 style=\"text-align: center;\">DESCRIPCI\u00d3N DE PRODUCTO<\/h3>\n<p>Armor All<sup>\u00ae<\/sup>\u00a0Tire Foam\u00ae Protectant hace maravillas al limpiar las llantas de su veh\u00edculo y restaurar su apariencia natural de color negro intenso. La acci\u00f3n de la espuma elimina la suciedad m\u00e1s resistente y en pocos minutos nuestra mezcla patentada de acondicionadores nutritivos penetra en los neum\u00e1ticos, devolvi\u00e9ndoles su aspecto \u201ccomo nuevo\u201d y resaltando sus colores profundos y naturales.<\/p>\n<ul>\n<li>La espuma intensa se activa al contacto, haciendo flotar la suciedad sin necesidad de frotar<\/li>\n<li>Los acondicionadores nutren y restauran el aspecto negro profundo de sus neum\u00e1ticos<\/li>\n<li>Los agentes bloqueadores protegen de los elementos nocivos que pueden causar grietas y decoloraci\u00f3n<\/li>\n<li>Realza los colores profundos y naturales<\/li>\n<\/ul>\n<\/div>\n","protected":false},"excerpt":{"rendered":"<p><strong>Limpieza potente para un aspecto negro intenso con la protecci\u00f3n fiable de Armor All\u00ae<\/strong><\/p>\n<h3><em>Para compras mayores a 300$ en productos por caja<\/em><\/h3>\n","protected":false},"featured_media":5311,"comment_status":"open","ping_status":"closed","template":"","meta":[],"product_cat":[27],"product_tag":[143],"_links":{"self":[{"href":"https:\/\/texsalvenezuela.com\/tienda\/wp-json\/wp\/v2\/product\/4856"}],"collection":[{"href":"https:\/\/texsalvenezuela.com\/tienda\/wp-json\/wp\/v2\/product"}],"about":[{"href":"https:\/\/texsalvenezuela.com\/tienda\/wp-json\/wp\/v2\/types\/product"}],"replies":[{"embeddable":true,"href":"https:\/\/texsalvenezuela.com\/tienda\/wp-json\/wp\/v2\/comments?post=4856"}],"wp:featuredmedia":[{"embeddable":true,"href":"https:\/\/texsalvenezuela.com\/tienda\/wp-json\/wp\/v2\/media\/5311"}],"wp:attachment":[{"href":"https:\/\/texsalvenezuela.com\/tienda\/wp-json\/wp\/v2\/media?parent=4856"}],"wp:term":[{"taxonomy":"product_cat","embeddable":true,"href":"https:\/\/texsalvenezuela.com\/tienda\/wp-json\/wp\/v2\/product_cat?post=4856"},{"taxonomy":"product_tag","embeddable":true,"href":"https:\/\/texsalvenezuela.com\/tienda\/wp-json\/wp\/v2\/product_tag?post=4856"}],"curies":[{"name":"wp","href":"https:\/\/api.w.org\/{rel}","templated":true}]}}