{"id":4866,"date":"2024-07-11T08:59:41","date_gmt":"2024-07-11T13:59:41","guid":{"rendered":"https:\/\/texsalvenezuela.com\/tienda\/?post_type=product&#038;p=4866"},"modified":"2025-04-11T15:23:11","modified_gmt":"2025-04-11T19:23:11","slug":"caja-panos-humedos-limpiadores-armor-all","status":"publish","type":"product","link":"https:\/\/texsalvenezuela.com\/tienda\/producto\/caja-panos-humedos-limpiadores-armor-all\/","title":{"rendered":"Caja 6 Unds Armor All Heavy Duty Toallitas de Limpieza"},"content":{"rendered":"<h3 style=\"text-align: center;\">6 UNIDADES X CAJA<\/h3>\n<h3 style=\"text-align: center;\">DESCRIPCI\u00d3N DE PRODUCTO<\/h3>\n<h3 class=\"a-spacing-mini\">Armor All Heavy Duty Toallitas de limpieza<\/h3>\n<h5 class=\"a-spacing-mini a-color-secondary\">Resistente, levanta y atrapa la suciedad<\/h5>\n<p class=\"a-spacing-base\">Los suelos duros requieren una toallita de limpieza dura. Las toallitas de limpieza Armor All Heavy Duty son una manera conveniente de limpiar la suciedad dura, la acumulaci\u00f3n de aceite y grasa debajo del cap\u00f3 y en herramientas, piezas peque\u00f1as del motor, pl\u00e1sticos, vinilo y metales. Estas toallitas texturizadas especialmente dise\u00f1adas te permiten aflojar eficazmente suelos dif\u00edciles y limpiar las superficies. Puedes devolver el brillo a tus herramientas, piezas de motor, equipos de c\u00e9sped y jard\u00edn y mucho m\u00e1s.<\/p>\n","protected":false},"excerpt":{"rendered":"<p>Tejido grueso y texturizado con fibras en forma de gofre. Dise\u00f1ado espec\u00edficamente para poder de fregado resistente que levanta y atrapa la suciedad.<\/p>\n<h3><em>Para compras mayores a 300$ en productos por caja.<\/em><\/h3>\n","protected":false},"featured_media":5302,"comment_status":"open","ping_status":"closed","template":"","meta":[],"product_cat":[27],"product_tag":[143],"_links":{"self":[{"href":"https:\/\/texsalvenezuela.com\/tienda\/wp-json\/wp\/v2\/product\/4866"}],"collection":[{"href":"https:\/\/texsalvenezuela.com\/tienda\/wp-json\/wp\/v2\/product"}],"about":[{"href":"https:\/\/texsalvenezuela.com\/tienda\/wp-json\/wp\/v2\/types\/product"}],"replies":[{"embeddable":true,"href":"https:\/\/texsalvenezuela.com\/tienda\/wp-json\/wp\/v2\/comments?post=4866"}],"wp:featuredmedia":[{"embeddable":true,"href":"https:\/\/texsalvenezuela.com\/tienda\/wp-json\/wp\/v2\/media\/5302"}],"wp:attachment":[{"href":"https:\/\/texsalvenezuela.com\/tienda\/wp-json\/wp\/v2\/media?parent=4866"}],"wp:term":[{"taxonomy":"product_cat","embeddable":true,"href":"https:\/\/texsalvenezuela.com\/tienda\/wp-json\/wp\/v2\/product_cat?post=4866"},{"taxonomy":"product_tag","embeddable":true,"href":"https:\/\/texsalvenezuela.com\/tienda\/wp-json\/wp\/v2\/product_tag?post=4866"}],"curies":[{"name":"wp","href":"https:\/\/api.w.org\/{rel}","templated":true}]}}