{"id":4906,"date":"2024-07-11T13:26:03","date_gmt":"2024-07-11T18:26:03","guid":{"rendered":"https:\/\/texsalvenezuela.com\/tienda\/?post_type=product&#038;p=4906"},"modified":"2025-04-11T15:21:07","modified_gmt":"2025-04-11T19:21:07","slug":"caja-de-12-unds-stp-limpiador-inyectores-super-concentrado-5-25oz","status":"publish","type":"product","link":"https:\/\/texsalvenezuela.com\/tienda\/producto\/caja-de-12-unds-stp-limpiador-inyectores-super-concentrado-5-25oz\/","title":{"rendered":"Caja de 12 Unds. STP Limpiador Inyectores Super Concentrado 5.25oz"},"content":{"rendered":"<h3 style=\"text-align: center;\">12 UNIDADES X CAJA<\/h3>\n<h3 style=\"text-align: center;\">DESCRIPCI\u00d3N DE PRODUCTO<\/h3>\n<p>&nbsp;<\/p>\n<p>El Limpiador de Inyectores de Combustible Super Concentrado STP<sup>\u00ae<\/sup>\u00a0es un limpiador de inyectores de combustible para uso dom\u00e9stico que contiene detergentes concentrados que ayudan a disolver y eliminar los dep\u00f3sitos de carbono nocivo, sustancias pegajosas y barniz de los inyectores de combustible. Si no se les limpia, los dep\u00f3sitos pueden llevar a arranques duros y p\u00e9rdida de aceleraci\u00f3n. Nuestro Limpiador de Inyectores de Combustible Super Concentrado STP<sup>\u00ae<\/sup>\u00a0est\u00e1 fabricado con combustible de aviones, un transportador de alta calidad de ingredientes activos.<\/p>\n<p><strong>C\u00f3mo ayuda:<\/strong><\/p>\n<ul>\n<li>Destapa los inyectores de combustible sucios.<\/li>\n<li>Los detergentes ayudan a disolver y eliminar los dep\u00f3sitos nocivos.<\/li>\n<li>Recupera la potencia y aceleraci\u00f3n perdidas.<\/li>\n<\/ul>\n","protected":false},"excerpt":{"rendered":"<p><strong>TASA DE TRATAMIENTO:<\/strong>\u00a0Un bote de 5.25 onzas\/155 mls sirve hasta para 21 galones\/79 litros de gasolina. Un bote de 12 onzas\/355 mls sirve hasta para 28 galones\/106 litros de gasolina.<\/p>\n<h3><em>Para compras mayores a 300$ en productos por caja<\/em><\/h3>\n","protected":false},"featured_media":5319,"comment_status":"open","ping_status":"closed","template":"","meta":[],"product_cat":[27],"product_tag":[142],"_links":{"self":[{"href":"https:\/\/texsalvenezuela.com\/tienda\/wp-json\/wp\/v2\/product\/4906"}],"collection":[{"href":"https:\/\/texsalvenezuela.com\/tienda\/wp-json\/wp\/v2\/product"}],"about":[{"href":"https:\/\/texsalvenezuela.com\/tienda\/wp-json\/wp\/v2\/types\/product"}],"replies":[{"embeddable":true,"href":"https:\/\/texsalvenezuela.com\/tienda\/wp-json\/wp\/v2\/comments?post=4906"}],"wp:featuredmedia":[{"embeddable":true,"href":"https:\/\/texsalvenezuela.com\/tienda\/wp-json\/wp\/v2\/media\/5319"}],"wp:attachment":[{"href":"https:\/\/texsalvenezuela.com\/tienda\/wp-json\/wp\/v2\/media?parent=4906"}],"wp:term":[{"taxonomy":"product_cat","embeddable":true,"href":"https:\/\/texsalvenezuela.com\/tienda\/wp-json\/wp\/v2\/product_cat?post=4906"},{"taxonomy":"product_tag","embeddable":true,"href":"https:\/\/texsalvenezuela.com\/tienda\/wp-json\/wp\/v2\/product_tag?post=4906"}],"curies":[{"name":"wp","href":"https:\/\/api.w.org\/{rel}","templated":true}]}}