{"id":4913,"date":"2024-07-11T13:57:11","date_gmt":"2024-07-11T18:57:11","guid":{"rendered":"https:\/\/texsalvenezuela.com\/tienda\/?post_type=product&#038;p=4913"},"modified":"2025-04-11T15:20:28","modified_gmt":"2025-04-11T19:20:28","slug":"caja-de-6-unds-stp-liquido-de-direccion-12oz","status":"publish","type":"product","link":"https:\/\/texsalvenezuela.com\/tienda\/producto\/caja-de-6-unds-stp-liquido-de-direccion-12oz\/","title":{"rendered":"Caja de 6 Unds. STP Liquido de Direcci\u00f3n 12oz"},"content":{"rendered":"<h3 style=\"text-align: center;\">6 UNIDADES X CAJA<\/h3>\n<h3 style=\"text-align: center;\">DESCRIPCI\u00d3N DE PRODUCTO<\/h3>\n<p>&nbsp;<\/p>\n<p>Las partes vitales de los sistemas de direcci\u00f3n asistida actuales necesitan protecci\u00f3n para que puedan funcionar en un amplio rango de condiciones clim\u00e1ticas en verano e invierno. Dise\u00f1ado espec\u00edficamente para unidades de direcci\u00f3n asistida, el L\u00edquido para Direcci\u00f3n Hidr\u00e1ulica STP<sup>\u00ae<\/sup>\u00a0brinda protecci\u00f3n todo el a\u00f1o.<\/p>\n<p><strong>C\u00f3mo ayuda:<\/strong><\/p>\n<ul>\n<li>Protege del desgaste y la aver\u00eda de la bomba a causa de uso anormal, oxidaci\u00f3n y formaci\u00f3n de espuma.<\/li>\n<li>Act\u00faa incluso en temperaturas bajo cero.<\/li>\n<li>Dise\u00f1ado para unidades de direcci\u00f3n asistida.<\/li>\n<\/ul>\n","protected":false},"excerpt":{"rendered":"<p><strong>TASA DE TRATAMIENTO:<\/strong>\u00a0Bote de 12 onzas\/355 mililitros. Agregue para mantener el nivel especificado del dep\u00f3sito del veh\u00edculo. No llene demasiado. Consulte el manual del propietario para conocer las especificaciones del fluido.<\/p>\n<h3><em>Para compras mayores a 300$ en productos por caja<\/em><\/h3>\n","protected":false},"featured_media":3069,"comment_status":"open","ping_status":"closed","template":"","meta":[],"product_cat":[27],"product_tag":[142],"_links":{"self":[{"href":"https:\/\/texsalvenezuela.com\/tienda\/wp-json\/wp\/v2\/product\/4913"}],"collection":[{"href":"https:\/\/texsalvenezuela.com\/tienda\/wp-json\/wp\/v2\/product"}],"about":[{"href":"https:\/\/texsalvenezuela.com\/tienda\/wp-json\/wp\/v2\/types\/product"}],"replies":[{"embeddable":true,"href":"https:\/\/texsalvenezuela.com\/tienda\/wp-json\/wp\/v2\/comments?post=4913"}],"wp:featuredmedia":[{"embeddable":true,"href":"https:\/\/texsalvenezuela.com\/tienda\/wp-json\/wp\/v2\/media\/3069"}],"wp:attachment":[{"href":"https:\/\/texsalvenezuela.com\/tienda\/wp-json\/wp\/v2\/media?parent=4913"}],"wp:term":[{"taxonomy":"product_cat","embeddable":true,"href":"https:\/\/texsalvenezuela.com\/tienda\/wp-json\/wp\/v2\/product_cat?post=4913"},{"taxonomy":"product_tag","embeddable":true,"href":"https:\/\/texsalvenezuela.com\/tienda\/wp-json\/wp\/v2\/product_tag?post=4913"}],"curies":[{"name":"wp","href":"https:\/\/api.w.org\/{rel}","templated":true}]}}