{"id":4951,"date":"2024-07-12T07:37:24","date_gmt":"2024-07-12T12:37:24","guid":{"rendered":"https:\/\/texsalvenezuela.com\/tienda\/?post_type=product&#038;p=4951"},"modified":"2025-04-11T15:17:21","modified_gmt":"2025-04-11T19:17:21","slug":"caja-de-12unds-trigger-pro-20oz-wd-40","status":"publish","type":"product","link":"https:\/\/texsalvenezuela.com\/tienda\/producto\/caja-de-12unds-trigger-pro-20oz-wd-40\/","title":{"rendered":"Caja de 12Unds. Trigger Pro 20oz  WD-40"},"content":{"rendered":"<h3 style=\"text-align: center;\">12 UNIDADES X CAJA. PRECIO + IVA<\/h3>\n<h3 style=\"text-align: center;\">DESCRIPCI\u00d3N DE PRODUCTO<\/h3>\n<p>&nbsp;<\/p>\n<p>WD-40 Producto Multiusos. F\u00f3rmula original Aflojatodo protege el metal del \u00f3xido, afloja piezas atascadas, aflojatodo, desplaza la humedad y lubrica. La v\u00e1lvula de 360\u00b0 permite aplicar el producto en cualquier posici\u00f3n.<\/p>\n<p>Prueba la v\u00e1lvula de WD-40 Producto Multiusos, permite una aplicaci\u00f3n uniforme y precisa, para poder aplicar el producto en cualquier posici\u00f3n. Pon a prueba la f\u00f3rmula Aflojatodo. Ideal para:<\/p>\n<ul>\n<li><strong>Desplaza la humedad<\/strong>\u00a0para prevenir el \u00f3xido y proteger sistemas el\u00e9ctricos<\/li>\n<li><strong>Penetra<\/strong>\u00a0para aflojar piezas atascadas<\/li>\n<li><strong>Lubrica<\/strong>\u00a0para que el equipo funcione bien<\/li>\n<li><strong>Limpia<\/strong>, eliminando aceite, suciedad, grasa y mugre<\/li>\n<li><strong>Protege<\/strong>\u00a0las superficies de metal contra el \u00f3xido y la corrosi\u00f3n<\/li>\n<li><strong>F\u00e1cil de usar<\/strong><\/li>\n<li><strong>Aflojatodo<\/strong><\/li>\n<\/ul>\n","protected":false},"excerpt":{"rendered":"<h3 class=\"flex items-center p-8 uppercase bg-wd-40-blue font-bold md:text-xl\">CARACTER\u00cdSTICAS<\/h3>\n<div class=\"flex p-8 ltr:pr-2 rtl:pl-2\">\n<ul class=\"w-full list-disc space-y-4\">\n<li>Sin silicona ni disolventes clorados<\/li>\n<li>No conductivo<\/li>\n<li>Compatible con pl\u00e1sticos, cauchos y todos los metales<\/li>\n<li>Es un lubricante ligero<\/li>\n<\/ul>\n<h3><em>Para compras mayores a 300$ en productos por caja.<\/em><\/h3>\n<\/div>\n","protected":false},"featured_media":3014,"comment_status":"open","ping_status":"closed","template":"","meta":[],"product_cat":[27],"product_tag":[144],"_links":{"self":[{"href":"https:\/\/texsalvenezuela.com\/tienda\/wp-json\/wp\/v2\/product\/4951"}],"collection":[{"href":"https:\/\/texsalvenezuela.com\/tienda\/wp-json\/wp\/v2\/product"}],"about":[{"href":"https:\/\/texsalvenezuela.com\/tienda\/wp-json\/wp\/v2\/types\/product"}],"replies":[{"embeddable":true,"href":"https:\/\/texsalvenezuela.com\/tienda\/wp-json\/wp\/v2\/comments?post=4951"}],"wp:featuredmedia":[{"embeddable":true,"href":"https:\/\/texsalvenezuela.com\/tienda\/wp-json\/wp\/v2\/media\/3014"}],"wp:attachment":[{"href":"https:\/\/texsalvenezuela.com\/tienda\/wp-json\/wp\/v2\/media?parent=4951"}],"wp:term":[{"taxonomy":"product_cat","embeddable":true,"href":"https:\/\/texsalvenezuela.com\/tienda\/wp-json\/wp\/v2\/product_cat?post=4951"},{"taxonomy":"product_tag","embeddable":true,"href":"https:\/\/texsalvenezuela.com\/tienda\/wp-json\/wp\/v2\/product_tag?post=4951"}],"curies":[{"name":"wp","href":"https:\/\/api.w.org\/{rel}","templated":true}]}}