{"id":4968,"date":"2024-07-12T09:38:39","date_gmt":"2024-07-12T14:38:39","guid":{"rendered":"https:\/\/texsalvenezuela.com\/tienda\/?post_type=product&#038;p=4968"},"modified":"2025-04-11T15:14:17","modified_gmt":"2025-04-11T19:14:17","slug":"caja-de-6-unds-limpiador-contactos-8oz-specialist-wd-40","status":"publish","type":"product","link":"https:\/\/texsalvenezuela.com\/tienda\/producto\/caja-de-6-unds-limpiador-contactos-8oz-specialist-wd-40\/","title":{"rendered":"Caja de 6 Unds. Limpiador Contactos 8oz Specialist Wd-40"},"content":{"rendered":"<h3 style=\"text-align: center;\">6 UNIDADES X CAJA. PRECIO + IVA<\/h3>\n<h3 style=\"text-align: center;\">DESCRIPCI\u00d3N DE PRODUCTO<\/h3>\n<p>&nbsp;<\/p>\n<p>El\u00a0<strong>limpiador de contactos<\/strong>\u00a0WD-40 Specialist, elimina el aceite, la suciedad, el fundente y la condensaci\u00f3n de los equipos electr\u00f3nicos y el\u00e9ctricos sensibles con una precisi\u00f3n milim\u00e9trica. Se seca r\u00e1pidamente, no deja residuos y elimina m\u00e1s suciedad que los principales competidores, lo que lo convierte en el mejor\u00a0<strong>limpiador de contactos<\/strong>\u00a0el\u00e9ctricos. Nuestro\u00a0<strong>limpiador de contactos<\/strong>\u00a0es seguro e ideal para usar en placas de circuito impreso, controles, terminales de bater\u00eda, interruptores, instrumentos de precisi\u00f3n y paneles el\u00e9ctricos.<\/p>\n<h3 class=\"flex items-center p-8 uppercase bg-wd-40-blue font-bold md:text-xl\">CARACTER\u00cdSTICAS<\/h3>\n<div class=\"flex p-8 ltr:pr-2 rtl:pl-2\">\n<ul class=\"w-full list-disc space-y-4\">\n<li>El\u00a0<strong>limpiador de contactos<\/strong>\u00a0es seguro de usar en equipos el\u00e9ctricos, pl\u00e1stico, caucho y metal<\/li>\n<li>Secado r\u00e1pido sin dejar residuos<\/li>\n<li>Nuestro\u00a0<strong>limpiador de contactos<\/strong>\u00a0cuenta con una fuerza diel\u00e9ctrica mayor a 20,000 volts<\/li>\n<li>Se puede usar en pl\u00e1stico, caucho y metal<\/li>\n<li>Categor\u00eda NSF K2 #146857<\/li>\n<\/ul>\n<\/div>\n<p>&nbsp;<\/p>\n","protected":false},"excerpt":{"rendered":"<h3><em>Para compras mayores a 300$ en productos por caja.<\/em><\/h3>\n","protected":false},"featured_media":3059,"comment_status":"open","ping_status":"closed","template":"","meta":[],"product_cat":[27],"product_tag":[148],"_links":{"self":[{"href":"https:\/\/texsalvenezuela.com\/tienda\/wp-json\/wp\/v2\/product\/4968"}],"collection":[{"href":"https:\/\/texsalvenezuela.com\/tienda\/wp-json\/wp\/v2\/product"}],"about":[{"href":"https:\/\/texsalvenezuela.com\/tienda\/wp-json\/wp\/v2\/types\/product"}],"replies":[{"embeddable":true,"href":"https:\/\/texsalvenezuela.com\/tienda\/wp-json\/wp\/v2\/comments?post=4968"}],"wp:featuredmedia":[{"embeddable":true,"href":"https:\/\/texsalvenezuela.com\/tienda\/wp-json\/wp\/v2\/media\/3059"}],"wp:attachment":[{"href":"https:\/\/texsalvenezuela.com\/tienda\/wp-json\/wp\/v2\/media?parent=4968"}],"wp:term":[{"taxonomy":"product_cat","embeddable":true,"href":"https:\/\/texsalvenezuela.com\/tienda\/wp-json\/wp\/v2\/product_cat?post=4968"},{"taxonomy":"product_tag","embeddable":true,"href":"https:\/\/texsalvenezuela.com\/tienda\/wp-json\/wp\/v2\/product_tag?post=4968"}],"curies":[{"name":"wp","href":"https:\/\/api.w.org\/{rel}","templated":true}]}}